10 (base 3) in base 8?
-71
-1 (base 12) to base 11
-1
What is 2 (base 14) in base 6?
2
Convert -28 (base 9) to base 16.
-1a
What is -1 (base 3) in base 4?
-1
1 (base 7) to base 10
1
Convert -9c (base 16) to base 12.
-110
Convert 29 (base 14) to base 2.
100101
Convert -36 (base 13) to base 11.
-41
-60 (base 12) to base 3
-2200
Convert 16 (base 7) to base 8.
15
What is -31 (base 16) in base 9?
-54
0 (base 12) to base 6
0
Convert 64 (base 7) to base 13.
37
0 (base 16) to base 5
0
What is 26 (base 10) in base 2?
11010
What is 6b (base 12) in base 16?
53
Convert 31 (base 9) to base 16.
1c
61 (base 7) to base 3
1121
What is -11 (base 5) in base 4?
-12
-2a (base 11) to base 10
-32
-148 (base 10) to base 15
-9d
Convert -4 (base 13) to base 11.
-4
What is 6 (base 15) in base 12?
6
Convert -d (base 15) to base 2.
-1101
Convert 2 (base 8) to base 16.
2
Convert -4 (base 12) to base 6.
-4
-3 (base 5) to base 4
-3
What is 15 (base 7) in base 14?
c
What is -2230 (base 4) in base 10?
-172
11 (base 7) to base 3
22
What is -97 (base 12) in base 11?
-a5
What is 4 (base 5) in base 3?
11
What is -120 (base 4) in base 2?
-11000
What is 25 (base 6) in base 9?
18
What is 28 (base 10) in base 6?
44
Convert 1211 (base 4) to base 12.
85
0 (base 6) to base 16
0
What is 100 (base 2) in base 3?
11
0 (base 9) to base 7
0
What is -3 (base 13) in base 16?
-3
115 (base 7) to base 11
56
What is 2 (base 4) in base 16?
2
-47 (base 11) to base 9
-56
100 (base 5) to base 7
34
3e (base 15) to base 14
43
What is -100000000 (base 2) in base 15?
-121
Convert -11010 (base 2) to base 10.
-26
What is 53 (base 7) in base 15?
28
What is 4 (base 6) in base 16?
4
What is -12 (base 12) in base 3?
-112
What is 4 (base 14) in base 9?
4
Convert -167 (base 8) to base 3.
-11102
Convert 0 (base 8) to base 9.
0
Convert -1000 (base 2) to base 4.
-20
19 (base 14) to base 2
10111
Convert -2 (base 6) to base 16.
-2
1 (base 8) to base 16
1
What is 34 (base 11) in base 10?
37
What is 5 (base 12) in base 14?
5
0 (base 5) to base 15
0
-3 (base 13) to base 15
-3
Convert 129 (base 10) to base 8.
201
0 (base 10) to base 4
0
What is 12d (base 16) in base 15?
151
Convert 143 (base 8) to base 5.
344
What is -20020 (base 3) in base 6?
-440
What is 5 (base 8) in base 14?
5
What is -1213 (base 4) in base 9?
-124
What is 101 (base 3) in base 15?
a
1 (base 4) to base 9
1
222 (base 4) to base 3
1120
What is 21200 (base 3) in base 12?
153
1 (base 9) to base 10
1
What is -1112 (base 5) in base 13?
-c1
Convert 1 (base 7) to base 14.
1
15 (base 7) to base 8
14
What is 82 (base 10) in base 2?
1010010
What is 4 (base 9) in base 8?
4
-20 (base 5) to base 14
-a
What is -2 (base 15) in base 11?
-2
Convert -14 (base 14) to base 11.
-17
What is -107 (base 9) in base 7?
-154
What is -214 (base 9) in base 15?
-ba
What is -4 (base 16) in base 3?
-11
12 (base 3) to base 6
5
What is 0 (base 7) in base 15?
0
-441 (base 8) to base 15
-144
Convert -10 (base 14) to base 8.
-16
Convert 1 (base 5) to base 16.
1
-4 (base 12) to base 2
-100
Convert -15e (base 16) to base 2.
-101011110
Convert -6 (base 15) to base 14.
-6
Convert -1 (base 10) to base 6.
-1
10010111 (base 2) to base 12
107
-9 (base 14) to base 6
-13
Convert -16 (base 11) to base 13.
-14
Convert 344 (base 6) to base 10.
136
What is 1 (base 14) in base 13?
1
Convert 4 (base 16) to base 5.
4
Convert 3e (base 16) to base 13.
4a
Convert -120 (base 3) to base 12.
-13
Convert 111100 (base 2) to base 9.
66
Convert -2 (base 15) to base 8.
-2
18 (base 12) to base 15
15
Convert -14 (base 6) to base 12.
-a
Convert -43 (base 9) to base 8.
-47
Convert -7 (base 12) to base 5.
-12
Convert 9 (base 15) to base 14.
9
What is -20 (base 13) in base 16?
-1a
Convert 9 (base 13) to base 5.
14
-10000 (base 2) to base 8
-20
Convert d (base 16) to base 6.
21
Convert 10 (base 2) to base 9.
2
What is 6 (base 14) in base 10?
6
-1000 (base 2) to base 10
-8
Convert 1 (base 15) to base 8.
1
Convert 111001 (base 2) to base 10.
57
Convert -151 (base 16) to base 9.
-414
-26 (base 10) to base 4
-122
What is 1 (base 3) in base 5?
1
Convert 4 (base 6) to base 15.
4
-1000011 (base 2) to base 15
-47
220 (base 6) to base 7
150
17 (base 16) to base 2
10111
-120 (base 7) to base 13
-4b
Convert -1020 (base 3) to base 5.
-113
Convert 115 (base 9) to base 8.
137
Convert 2 (base 15) to base 12.
2
-8 (base 13) to base 6
-12
What is 0 (base 7) in base 6?
0
Convert -17 (base 14) to base 2.
-10101
Convert 16 (base 10) to base 16.
10
179 (base 11) to base 3
21200
What is 68 (base 13) in base 9?
105
What is 10000 (base 2) in base 6?
24
-31 (base 4) to base 11
-12
What is -3 (base 15) in base 7?
-3
Convert -2 (base 8) to base 16.
-2
Convert c8 (base 14) to base 11.
150
Convert 12 (base 12) to base 4.
32
Convert -128 (base 9) to base 10.
-107
30 (base 9) to base 16
1b
5 (base 15) to base 9
5
What is -161 (base 9) in base 12?
-b4
Convert 1 (base 16) to base 11.
1
Convert -3 (base 14) to base 3.
-10
-ba (base 13) to base 5
-1103
117 (base 9) to base 6
241
Convert 10 (base 5) to base 8.
5
0 (base 15) to base 6
0
Convert 1 (base 7) to base 13.
1
What is -88 (base 13) in base 9?
-134
Convert 2 (base 4) to base 6.
2
4 (base 8) to base 6
4
Convert 137 (base 13) to base 11.
186
Convert -2 (base 14) to base 7.
-2
Convert 65 (base 10) to base 13.
50
Convert -59 (base 13) to base 14.
-54
What is -4 (base 16) in base 11?
-4
-54 (base 10) to base 6
-130
What is -3 (base 15) in base 14?
-3
Convert -1024 (base 5) to base 3.
-12011
Convert -123 (base 8) to base 14.
-5d
Convert 170 (base 13) to base 14.
148
What is 1 (base 9) in base 2?
1
Convert 343 (base 10) to base 2.
101010111
-136 (base 9) to base 13
-8a
What is -2 (base 11) in base 4?
-2
15 (base 6) to base 4
23
Convert 110 (base 3) to base 13.
c
What is -135 (base 6) in base 5?
-214
What is -412 (base 5) in base 14?
-79
-2 (base 12) to base 7
-2
1 (base 12) to base 7
1
2 (base 12) to base 16
2
Convert -52 (base 7) to base 5.
-122
What is 41 (base 15) in base 6?
141
Convert 341 (base 9) to base 12.
1b4
-12 (base 4) to base 12
-6
What is -8 (base 10) in base 15?
-8
10 (base 6) to base 11
6
What is -e (base 16) in base 13?
-11
What is 200 (base 6) in base 11?
66
2 (base 13) to base 7
2
Convert 38 (base 10) to base 14.
2a
Convert 4 (base 7) to base 2.
100
1221 (base 3) to base 16
34
52 (base 7) to base 2
100101
What is -87 (base 9) in base 6?
-211
Convert 4 (base 15) to base 5.
4
What is -3 (base 7) in base 5?
-3
1110001 (base 2) to base 3
11012
What is 1010 (base 3) in base 5?
110
Convert -10 (base 4) to base 5.
-4
Convert 4 (base 6) to base 15.
4
What is 2 (base 6) in base 14?
2
2 (base 11) to base 13
2
What is -26 (base 12) in base 9?
-33
What is a (base 12) in base 8?
12
Convert -1 (base 3) to base 4.
-1
What is -69 (base 16) in base 7?
-210
2 (base 4) to base 10
2
0 (base 9) to base 13
0
What is 2 (base 16) in base 11?
2
101 (base 15) to base 10
226
What is 5 (base 13) in base 9?
5
1022 (base 4) to base 12
62
What is -1 (base 5) in base 13?
-1
-1112 (base 3) to base 10
-41
Convert -1010 (base 2) to base 13.
-a
Convert -3 (base 4) to base 5.
-3
What is 116 (base 13) in base 2?
10111100
-1 (base 7) to base 13
-1
Convert 113 (base 4) to base 5.
43
Convert -1 (base 14) to base 16.
-1
Convert -2 (base 3) to base 9.
-2
What is 8 (base 13) in base 12?
8
-1322 (base 5) to base 2
-11010100
Convert 7 (base 10) to base 7.
10
Convert -5 (base 6) to base 13.
-5
Convert 15 (base 9) to base 11.
13
What is -23 (base 4) in base 7?
-14
107 (base 16) to base 10
263
Convert 1102 (base 3) to base 16.
26
Convert -1 (base 8) to base 7.
-1
Convert 21 (base 3) to base 4.
13
What is 15 (base 6) in base 16?
b
0 (base 16) to base 2
0
What is -d (base 15) in base 5?
-23
-121 (base 3) to base 11
-15
What is 414 (base 6) in base 7?
310
What is 12 (base 13) in base 14?
11
What is -33 (base 6) in base 11?
-1a
What is 11000 (base 2) in base 7?
33
What is 59 (base 10) in base 12?
4b
What is 1 (base 11) in base 16?
1
Convert 7 (base 12) to base 8.
7
-1 (base 9) to base 6
-1
What is -88 (base 11) in base 16?
-60
-101 (base 2) to base 12
-5
Convert 61 (base 13) to base 5.
304
Convert -221 (base 4) to base 10.
-41
Convert 70 (base 9) to base 8.
77
Convert 3 (base 13) to base 11.
3
-1000001 (base 2) to base 8
-101
What is 3 (ba